{"id":2,"date":"2025-04-16T14:28:51","date_gmt":"2025-04-16T14:28:51","guid":{"rendered":"https:\/\/jeanpierrelebrun.com\/?page_id=2"},"modified":"2025-05-07T18:25:50","modified_gmt":"2025-05-07T16:25:50","slug":"sample-page","status":"publish","type":"page","link":"https:\/\/jeanpierrelebrun.com\/","title":{"rendered":"ACCUEIL"},"content":{"rendered":"\n<figure class=\"wp-block-image size-full is-resized\"><img loading=\"lazy\" decoding=\"async\" width=\"322\" height=\"430\" src=\"https:\/\/jeanpierrelebrun.com\/wp-content\/uploads\/2025\/05\/1dad198b-f965-4e0b-9111-5c9c12b31a08-3.png\" alt=\"Jean-Pierre Lebrun\" class=\"wp-image-40\" style=\"width:299px;height:auto\" srcset=\"https:\/\/jeanpierrelebrun.com\/wp-content\/uploads\/2025\/05\/1dad198b-f965-4e0b-9111-5c9c12b31a08-3.png 322w, https:\/\/jeanpierrelebrun.com\/wp-content\/uploads\/2025\/05\/1dad198b-f965-4e0b-9111-5c9c12b31a08-3-225x300.png 225w\" sizes=\"auto, (max-width: 322px) 100vw, 322px\" \/><\/figure>\n\n\n\n<p><strong>Jean-Pierre Lebrun&nbsp;<\/strong>est psychiatre, psychanalyste, auteur et&nbsp;ancien pr\u00e9sident de l&rsquo;Association lacanienne internationale et de l&rsquo;Association freudienne de Belgique.<\/p>\n\n\n\n<blockquote class=\"wp-block-quote is-layout-flow wp-block-quote-is-layout-flow\">\n<p>Auteur d&rsquo;<em>Un monde sans limite<\/em>,\u00e9r\u00e8s, 1997, traduit en espagnol et portugais ;&nbsp;<em>Les d\u00e9sarrois nouveaux du sujet<\/em>,\u00e9r\u00e8s, 2001 &#8211;&nbsp;<em>Avons-nous encore besoin d\u2019un tiers ?<\/em>,\u00e9r\u00e8s, 2006 ;&nbsp;<em>L\u2019homme sans gravit\u00e9<\/em>, entretiens avec Charles Melman, Deno\u00ebl, 2003 et Folio, 2006, (traduit en espagnol et portugais) et&nbsp;<em>La perversion ordinaire<\/em>, Deno\u00ebl, 2007. Il a \u00e9crit de nombreux articles parus dans des revues scientifiques ou d\u2019int\u00e9r\u00eat g\u00e9n\u00e9ral, dont plusieurs ont \u00e9t\u00e9 traduits en italien, allemand, portugais, espagnol et anglais.<\/p>\n<\/blockquote>\n\n\n\n<p>Vous pouvez ins\u00e9rer du texte ici&#8230;<\/p>\n\n\n\n<blockquote class=\"wp-block-quote is-layout-flow wp-block-quote-is-layout-flow\">\n<p>&#8230;Ou encore ici.<\/p>\n<\/blockquote>\n","protected":false},"excerpt":{"rendered":"<p>Jean-Pierre Lebrun&nbsp;est psychiatre, psychanalyste, auteur et&nbsp;ancien pr\u00e9sident de l&rsquo;Association lacanienne internationale et de l&rsquo;Association freudienne de Belgique. Auteur d&rsquo;Un monde sans limite,\u00e9r\u00e8s, 1997, traduit en&#8230;<\/p>\n","protected":false},"author":1,"featured_media":0,"parent":0,"menu_order":0,"comment_status":"closed","ping_status":"open","template":"","meta":{"footnotes":""},"class_list":["post-2","page","type-page","status-publish","hentry"],"_links":{"self":[{"href":"https:\/\/jeanpierrelebrun.com\/index.php?rest_route=\/wp\/v2\/pages\/2","targetHints":{"allow":["GET"]}}],"collection":[{"href":"https:\/\/jeanpierrelebrun.com\/index.php?rest_route=\/wp\/v2\/pages"}],"about":[{"href":"https:\/\/jeanpierrelebrun.com\/index.php?rest_route=\/wp\/v2\/types\/page"}],"author":[{"embeddable":true,"href":"https:\/\/jeanpierrelebrun.com\/index.php?rest_route=\/wp\/v2\/users\/1"}],"replies":[{"embeddable":true,"href":"https:\/\/jeanpierrelebrun.com\/index.php?rest_route=%2Fwp%2Fv2%2Fcomments&post=2"}],"version-history":[{"count":9,"href":"https:\/\/jeanpierrelebrun.com\/index.php?rest_route=\/wp\/v2\/pages\/2\/revisions"}],"predecessor-version":[{"id":294,"href":"https:\/\/jeanpierrelebrun.com\/index.php?rest_route=\/wp\/v2\/pages\/2\/revisions\/294"}],"wp:attachment":[{"href":"https:\/\/jeanpierrelebrun.com\/index.php?rest_route=%2Fwp%2Fv2%2Fmedia&parent=2"}],"curies":[{"name":"wp","href":"https:\/\/api.w.org\/{rel}","templated":true}]}}