{"id":248,"date":"2025-05-07T18:09:43","date_gmt":"2025-05-07T16:09:43","guid":{"rendered":"https:\/\/jeanpierrelebrun.com\/?page_id=248"},"modified":"2025-05-07T22:29:44","modified_gmt":"2025-05-07T20:29:44","slug":"un-travail-decriture","status":"publish","type":"page","link":"https:\/\/jeanpierrelebrun.com\/?page_id=248","title":{"rendered":"UN TRAVAIL D&rsquo;\u00c9CRITURE"},"content":{"rendered":"\n<p style=\"font-size:25px\">UN MONDE SANS LIMITES ET SES EFFETS<\/p>\n\n\n\n<div class=\"wp-block-superb-addons-reveal-buttons is-layout-flex wp-block-superb-addons-reveal-buttons-is-layout-flex\">\n<a class=\"wp-block-superb-addons-reveal-button superb-addons-reveal-button superb-addons-reveal-button-has-reveal\" href=\"https:\/\/jeanpierrelebrun.com\/?page_id=109\" rel=\"noopener\" target=\"_blank\"><div class=\"superb-addons-reveal-button-element superb-addons-reveal-button-cta has-red-background-color has-background\">DES LIVRES<\/div><div class=\"superb-addons-reveal-button-teaser\" data-reveal=\"\"><\/div><\/a>\n\n\n\n<a class=\"wp-block-superb-addons-reveal-button superb-addons-reveal-button superb-addons-reveal-button-has-reveal\" href=\"https:\/\/jeanpierrelebrun.com\/?page_id=118\" rel=\"noopener\" target=\"_blank\"><div class=\"superb-addons-reveal-button-element superb-addons-reveal-button-cta has-red-background-color has-background\">DES ARTICLES<\/div><div class=\"superb-addons-reveal-button-teaser\" data-reveal=\"\"><\/div><\/a>\n\n\n\n<a class=\"wp-block-superb-addons-reveal-button superb-addons-reveal-button superb-addons-reveal-button-has-reveal\" href=\"https:\/\/jeanpierrelebrun.com\/?page_id=122\" rel=\"noopener\" target=\"_blank\"><div class=\"superb-addons-reveal-button-element superb-addons-reveal-button-cta has-red-background-color has-background\">DES CARTES BLANCHES<\/div><div class=\"superb-addons-reveal-button-teaser\" data-reveal=\"\"><\/div><\/a>\n<\/div>\n\n\n\n<p><\/p>\n\n\n\n<p style=\"font-size:25px\">LA CIT\u00c9 ET LA D\u00c9MOCRATIE<\/p>\n\n\n\n<div class=\"wp-block-superb-addons-reveal-buttons is-layout-flex wp-block-superb-addons-reveal-buttons-is-layout-flex\">\n<a class=\"wp-block-superb-addons-reveal-button superb-addons-reveal-button superb-addons-reveal-button-has-reveal\" href=\"https:\/\/jeanpierrelebrun.com\/?page_id=125\" rel=\"noopener\" target=\"_blank\"><div class=\"superb-addons-reveal-button-element superb-addons-reveal-button-cta has-red-background-color has-background\">DES LIVRES<\/div><div class=\"superb-addons-reveal-button-teaser\" data-reveal=\"\"><\/div><\/a>\n\n\n\n<a class=\"wp-block-superb-addons-reveal-button superb-addons-reveal-button superb-addons-reveal-button-has-reveal\" href=\"https:\/\/jeanpierrelebrun.com\/?page_id=127\" rel=\"noopener\" target=\"_blank\"><div class=\"superb-addons-reveal-button-element superb-addons-reveal-button-cta has-red-background-color has-background\">DES ARTICLES<\/div><div class=\"superb-addons-reveal-button-teaser\" data-reveal=\"\"><\/div><\/a>\n\n\n\n<a class=\"wp-block-superb-addons-reveal-button superb-addons-reveal-button superb-addons-reveal-button-has-reveal\" href=\"https:\/\/jeanpierrelebrun.com\/?page_id=129\" rel=\"noopener\" target=\"_blank\"><div class=\"superb-addons-reveal-button-element superb-addons-reveal-button-cta has-red-background-color has-background\">DES CARTES BLANCHES<\/div><div class=\"superb-addons-reveal-button-teaser\" data-reveal=\"\"><\/div><\/a>\n<\/div>\n\n\n\n<p><\/p>\n\n\n\n<p style=\"font-size:25px\">LES CRISES CONTEMPORAINES : L\u00c9GITIMIT\u00c9 &#8211; AUTORIT\u00c9 &#8211; APPUI<\/p>\n\n\n\n<div class=\"wp-block-superb-addons-reveal-buttons is-layout-flex wp-block-superb-addons-reveal-buttons-is-layout-flex\">\n<a class=\"wp-block-superb-addons-reveal-button superb-addons-reveal-button superb-addons-reveal-button-has-reveal\" href=\"https:\/\/jeanpierrelebrun.com\/?page_id=131\" rel=\"noopener\" target=\"_blank\"><div class=\"superb-addons-reveal-button-element superb-addons-reveal-button-cta has-red-background-color has-background\">DES LIVRES<\/div><div class=\"superb-addons-reveal-button-teaser\" data-reveal=\"\"><\/div><\/a>\n\n\n\n<a class=\"wp-block-superb-addons-reveal-button superb-addons-reveal-button superb-addons-reveal-button-has-reveal\" href=\"https:\/\/jeanpierrelebrun.com\/?page_id=133\" rel=\"noopener\" target=\"_blank\"><div class=\"superb-addons-reveal-button-element superb-addons-reveal-button-cta has-red-background-color has-background\">DES ARTICLES<\/div><div class=\"superb-addons-reveal-button-teaser\" data-reveal=\"\"><\/div><\/a>\n\n\n\n<a class=\"wp-block-superb-addons-reveal-button superb-addons-reveal-button superb-addons-reveal-button-has-reveal\" href=\"https:\/\/jeanpierrelebrun.com\/?page_id=135\" rel=\"noopener\" target=\"_blank\"><div class=\"superb-addons-reveal-button-element superb-addons-reveal-button-cta has-red-background-color has-background\">DES CARTES BLANCHES<\/div><div class=\"superb-addons-reveal-button-teaser\" data-reveal=\"\"><\/div><\/a>\n<\/div>\n\n\n\n<p><\/p>\n\n\n\n<p style=\"font-size:25px\">LA CLINIQUE ACTUELLE ET LE SOCIAL<\/p>\n\n\n\n<div class=\"wp-block-superb-addons-reveal-buttons is-layout-flex wp-block-superb-addons-reveal-buttons-is-layout-flex\">\n<a class=\"wp-block-superb-addons-reveal-button superb-addons-reveal-button superb-addons-reveal-button-has-reveal\" href=\"https:\/\/jeanpierrelebrun.com\/?page_id=137\" rel=\"noopener\" target=\"_blank\"><div class=\"superb-addons-reveal-button-element superb-addons-reveal-button-cta has-red-background-color has-background\">DES LIVRES<\/div><div class=\"superb-addons-reveal-button-teaser\" data-reveal=\"\"><\/div><\/a>\n\n\n\n<a class=\"wp-block-superb-addons-reveal-button superb-addons-reveal-button superb-addons-reveal-button-has-reveal\" href=\"https:\/\/jeanpierrelebrun.com\/?page_id=139\" rel=\"noopener\" target=\"_blank\"><div class=\"superb-addons-reveal-button-element superb-addons-reveal-button-cta has-red-background-color has-background\">DES ARTICLES<\/div><div class=\"superb-addons-reveal-button-teaser\" data-reveal=\"\"><\/div><\/a>\n\n\n\n<a class=\"wp-block-superb-addons-reveal-button superb-addons-reveal-button superb-addons-reveal-button-has-reveal\" href=\"https:\/\/jeanpierrelebrun.com\/?page_id=141\" rel=\"noopener\" target=\"_blank\"><div class=\"superb-addons-reveal-button-element superb-addons-reveal-button-cta has-red-background-color has-background\">DES CARTES BLANCHES<\/div><div class=\"superb-addons-reveal-button-teaser\" data-reveal=\"\"><\/div><\/a>\n<\/div>\n\n\n\n<p><\/p>\n\n\n\n<p style=\"font-size:25px\">LA TRANSMISSION &#8211; L&rsquo;\u00c9DUCATION<\/p>\n\n\n\n<div class=\"wp-block-superb-addons-reveal-buttons is-layout-flex wp-block-superb-addons-reveal-buttons-is-layout-flex\">\n<a class=\"wp-block-superb-addons-reveal-button superb-addons-reveal-button superb-addons-reveal-button-has-reveal\" href=\"https:\/\/jeanpierrelebrun.com\/?page_id=148\" rel=\"noopener\" target=\"_blank\"><div class=\"superb-addons-reveal-button-element superb-addons-reveal-button-cta has-red-background-color has-background\">DES LIVRES<\/div><div class=\"superb-addons-reveal-button-teaser\" data-reveal=\"\"><\/div><\/a>\n\n\n\n<a class=\"wp-block-superb-addons-reveal-button superb-addons-reveal-button superb-addons-reveal-button-has-reveal\" href=\"https:\/\/jeanpierrelebrun.com\/?page_id=150\" rel=\"noopener\" target=\"_blank\"><div class=\"superb-addons-reveal-button-element superb-addons-reveal-button-cta has-red-background-color has-background\">DES ARTICLES<\/div><div class=\"superb-addons-reveal-button-teaser\" data-reveal=\"\"><\/div><\/a>\n\n\n\n<a class=\"wp-block-superb-addons-reveal-button superb-addons-reveal-button superb-addons-reveal-button-has-reveal\" href=\"https:\/\/jeanpierrelebrun.com\/?page_id=153\" rel=\"noopener\" target=\"_blank\"><div class=\"superb-addons-reveal-button-element superb-addons-reveal-button-cta has-red-background-color has-background\">DES CARTES BLANCHES<\/div><div class=\"superb-addons-reveal-button-teaser\" data-reveal=\"\"><\/div><\/a>\n<\/div>\n\n\n\n<p><\/p>\n\n\n\n<p style=\"font-size:25px\">LE GENRE EN QUESTION<\/p>\n\n\n\n<div class=\"wp-block-superb-addons-reveal-buttons is-layout-flex wp-block-superb-addons-reveal-buttons-is-layout-flex\">\n<a class=\"wp-block-superb-addons-reveal-button superb-addons-reveal-button superb-addons-reveal-button-has-reveal\" href=\"https:\/\/jeanpierrelebrun.com\/?page_id=155\" rel=\"noopener\" target=\"_blank\"><div class=\"superb-addons-reveal-button-element superb-addons-reveal-button-cta has-red-background-color has-background\">DES LIVRES<\/div><div class=\"superb-addons-reveal-button-teaser\" data-reveal=\"\"><\/div><\/a>\n\n\n\n<a class=\"wp-block-superb-addons-reveal-button superb-addons-reveal-button superb-addons-reveal-button-has-reveal\" href=\"https:\/\/jeanpierrelebrun.com\/?page_id=157\" rel=\"noopener\" target=\"_blank\"><div class=\"superb-addons-reveal-button-element superb-addons-reveal-button-cta has-red-background-color has-background\">DES ARTICLES<\/div><div class=\"superb-addons-reveal-button-teaser\" data-reveal=\"\"><\/div><\/a>\n\n\n\n<a class=\"wp-block-superb-addons-reveal-button superb-addons-reveal-button superb-addons-reveal-button-has-reveal\" href=\"https:\/\/jeanpierrelebrun.com\/?page_id=159\" rel=\"noopener\" target=\"_blank\"><div class=\"superb-addons-reveal-button-element superb-addons-reveal-button-cta has-red-background-color has-background\">DES CARTES BLANCHES<\/div><div class=\"superb-addons-reveal-button-teaser\" style=\"--superb-addons-reveal-button-teaser-background:var( --wp--preset--color--grey )\" data-reveal=\"\"><\/div><\/a>\n<\/div>\n\n\n\n<p><\/p>\n","protected":false},"excerpt":{"rendered":"<p>UN MONDE SANS LIMITES ET SES EFFETS LA CIT\u00c9 ET LA D\u00c9MOCRATIE LES CRISES CONTEMPORAINES : L\u00c9GITIMIT\u00c9 &#8211; AUTORIT\u00c9 &#8211; APPUI LA CLINIQUE ACTUELLE ET&#8230;<\/p>\n","protected":false},"author":1,"featured_media":0,"parent":0,"menu_order":0,"comment_status":"closed","ping_status":"closed","template":"","meta":{"footnotes":""},"class_list":["post-248","page","type-page","status-publish","hentry"],"_links":{"self":[{"href":"https:\/\/jeanpierrelebrun.com\/index.php?rest_route=\/wp\/v2\/pages\/248","targetHints":{"allow":["GET"]}}],"collection":[{"href":"https:\/\/jeanpierrelebrun.com\/index.php?rest_route=\/wp\/v2\/pages"}],"about":[{"href":"https:\/\/jeanpierrelebrun.com\/index.php?rest_route=\/wp\/v2\/types\/page"}],"author":[{"embeddable":true,"href":"https:\/\/jeanpierrelebrun.com\/index.php?rest_route=\/wp\/v2\/users\/1"}],"replies":[{"embeddable":true,"href":"https:\/\/jeanpierrelebrun.com\/index.php?rest_route=%2Fwp%2Fv2%2Fcomments&post=248"}],"version-history":[{"count":11,"href":"https:\/\/jeanpierrelebrun.com\/index.php?rest_route=\/wp\/v2\/pages\/248\/revisions"}],"predecessor-version":[{"id":318,"href":"https:\/\/jeanpierrelebrun.com\/index.php?rest_route=\/wp\/v2\/pages\/248\/revisions\/318"}],"wp:attachment":[{"href":"https:\/\/jeanpierrelebrun.com\/index.php?rest_route=%2Fwp%2Fv2%2Fmedia&parent=248"}],"curies":[{"name":"wp","href":"https:\/\/api.w.org\/{rel}","templated":true}]}}